he greatest common factor of 243865 and 6191?
151
What is the highest common divisor of 9803004 and 40?
4
Calculate the greatest common divisor of 114 and 32161186.
38
What is the greatest common divisor of 1070054 and 7994?
1142
What is the greatest common divisor of 7703820 and 285?
15
What is the greatest common divisor of 2253760 and 3000?
40
What is the highest common divisor of 30272 and 70048?
352
Calculate the highest common factor of 356924 and 484.
4
What is the greatest common divisor of 8806718 and 574?
82
Calculate the greatest common divisor of 807490 and 1250.
10
Calculate the highest common divisor of 238148 and 90886.
58
Calculate the greatest common divisor of 19477409 and 129.
43
Calculate the greatest common divisor of 122 and 17677.
1
What is the highest common divisor of 2571469 and 2645?
529
Calculate the highest common divisor of 95 and 520465955.
95
Calculate the greatest common factor of 47520 and 701271648.
9504
Calculate the greatest common divisor of 21545 and 2468220.
155
Calculate the highest common divisor of 15500 and 2625.
125
Calculate the highest common divisor of 51546 and 1038588.
426
What is the greatest common divisor of 4518 and 24876?
18
Calculate the greatest common factor of 241244 and 9005462.
2942
What is the highest common divisor of 258766375 and 350?
175
What is the greatest common factor of 179 and 282104358?
179
What is the highest common divisor of 141833238 and 2278?
134
Calculate the highest common factor of 551038 and 2907.
323
Calculate the highest common factor of 28 and 18360937.
7
What is the greatest common factor of 42148 and 15835312?
1028
Calculate the highest common divisor of 257574329 and 35101.
3191
Calculate the greatest common factor of 119739 and 25095.
717
What is the highest common factor of 207256 and 27384?
56
What is the highest common factor of 980 and 8414602?
14
Calculate the highest common divisor of 755406118 and 68.
34
Calculate the greatest common divisor of 348 and 13610832.
12
What is the greatest common factor of 3840 and 126199552?
256
Calculate the highest common factor of 32517033 and 696.
87
Calculate the highest common factor of 710803053 and 2133.
2133
What is the greatest common divisor of 67 and 1561126331?
67
Calculate the highest common divisor of 127014860 and 980.
980
Calculate the highest common factor of 180 and 57505180.
20
Calculate the greatest common factor of 710 and 1488814620.
710
What is the greatest common divisor of 667575 and 9671775?
3225
Calculate the highest common factor of 4430693 and 17.
17
Calculate the highest common divisor of 470562 and 42.
6
What is the highest common factor of 285 and 348677607?
57
What is the greatest common factor of 21344 and 10839417?
667
Calculate the highest common factor of 2016 and 55159216.
112
What is the highest common divisor of 6400194 and 4335?
867
What is the highest common factor of 247546 and 239434?
26
Calculate the highest common divisor of 11670 and 8533104.
2334
Calculate the greatest common divisor of 20 and 6865070.
10
Calculate the highest common factor of 260 and 27641510.
130
What is the highest common factor of 3197977 and 1943?
67
What is the highest common divisor of 1644 and 255396633?
411
What is the highest common divisor of 2650 and 716920400?
2650
What is the greatest common divisor of 1155603 and 9966?
453
Calculate the greatest common divisor of 2223 and 644442.
57
Calculate the highest common divisor of 4491360 and 108540.
180
Calculate the greatest common factor of 77599104 and 144.
48
What is the greatest common divisor of 455682 and 1697174?
878
What is the highest common divisor of 5238 and 55052028?
54
Calculate the greatest common divisor of 224754 and 470.
94
Calculate the greatest common divisor of 11873875 and 52.
13
What is the greatest common divisor of 474 and 56924?
2
Calculate the greatest common factor of 5624795 and 5797.
341
What is the greatest common factor of 145574 and 545648?
1018
What is the greatest common divisor of 21693 and 259283?
1033
Calculate the highest common factor of 4100 and 5468088.
164
Calculate the highest common divisor of 4341572 and 7544.
3772
What is the highest common factor of 943710 and 617105?
415
What is the highest common divisor of 1605 and 1730445?
15
What is the highest common factor of 11471053 and 1181?
1181
Calculate the greatest common divisor of 18621 and 70029.
9
Calculate the greatest common divisor of 13392 and 1297908.
1116
What is the highest common factor of 918 and 58074516?
918
What is the greatest common divisor of 26700 and 7662722?
178
Calculate the highest common factor of 682961 and 341.
31
What is the greatest common factor of 120092 and 1113?
7
What is the greatest common factor of 555 and 1284381?
111
What is the highest common divisor of 54436 and 97377224?
1756
Calculate the highest common factor of 199642626 and 4770.
954
What is the greatest common divisor of 16080 and 48735?
15
Calculate the highest common divisor of 199562409 and 9124.
2281
Calculate the highest common divisor of 8336 and 8776.
8
What is the highest common factor of 735989702 and 588?
98
Calculate the highest common divisor of 24552 and 25524.
36
What is the highest common factor of 47319864 and 45280?
2264
Calculate the highest common divisor of 3122239 and 103.
103
What is the greatest common divisor of 9 and 18186930?
9
Calculate the highest common factor of 148880393 and 193.
193
Calculate the greatest common factor of 1044 and 827196.
348
What is the greatest common factor of 139903194 and 6?
6
What is the greatest common factor of 5179020 and 268037?
4543
What is the greatest common factor of 1586 and 759746?
26
What is the greatest common factor of 376555 and 635?
635
What is the greatest common factor of 3390 and 1269793430?
1130
Calculate the greatest common divisor of 39307 and 2283224.
1709
Calculate the highest common divisor of 65 and 50843.
13
What is the greatest common factor of 7729 and 3821253?
59
Calculate the highest common divisor of 625 and 33375625.
625
What is the greatest common factor of 16644 and 36647022?
438
What is the greatest common factor of 2180294 and 169076?
1966
Calculate the greatest common factor of 6492 and 3299532.
12
What is the highest common divisor of 282457 and 112?
7
What is the highest common factor of 1340 and 331148840?
1340
Calculate the greatest common factor of 24 and 734511632.
8
Calculate the highest common factor of 2122 and 81995141.
1061
Calculate the greatest common divisor of 39333591 and 38.
19
What is the greatest common factor of 304 and 227601?
19
What is the greatest common divisor of 9657185 and 37?
37
What is the highest common factor of 53256 and 694864?
2536
What is the highest common divisor of 1463 and 8808514?
209
What is the greatest common factor of 487728 and 12635768?
9032
What is the highest common factor of 1 and 7147263?
1
Calculate the greatest common divisor of 637 and 433069.
91
What is the highest common factor of 18730380 and 3668?
524
What is the highest common divisor of 2757 and 710387?
919
Calculate the greatest common divisor of 243210779 and 155.
31
Calculate the highest common divisor of 8192 and 61392.
16
What is the highest common factor of 4524 and 1529931?
39
What is the highest common factor of 2295101 and 414?
23
What is the highest common divisor of 861072422 and 1182?
394
Calculate the greatest common factor of 35784 and 29987489.
497
What is the highest common factor of 681 and 106767634?
227
Calculate the greatest common divisor of 21891383 and 259.
37
What is the highest common divisor of 13476 and 1192?
4
Calculate the greatest common factor of 4067 and 4669406.
49
What is the highest common factor of 31401 and 39912997?
1163
Calculate the greatest common divisor of 9646533 and 26325.
1053
Calculate the greatest common divisor of 2464 and 794534664.
616
Calculate the greatest common divisor of 471 and 709169.
157
Calculate the greatest common divisor of 12474 and 787556.
154
Calculate the highest common factor of 2207453 and 23776.
743
What is the highest common factor of 1312 and 31047824?
656
What is the highest common factor of 136096290 and 92713?
3197
Calculate the greatest common factor of 176 and 10546.
2
What is 